{"id":527,"date":"2025-07-25T12:11:00","date_gmt":"2025-07-25T10:11:00","guid":{"rendered":"https:\/\/www.festivalaudace.fr\/?page_id=527"},"modified":"2026-03-25T12:25:58","modified_gmt":"2026-03-25T11:25:58","slug":"les-audacieuses-et-laudacieux","status":"publish","type":"page","link":"https:\/\/www.festivalaudace.fr\/index.php\/les-audacieuses-et-laudacieux\/","title":{"rendered":"Catherine Lenne"},"content":{"rendered":"\t\t<div data-elementor-type=\"wp-page\" data-elementor-id=\"527\" class=\"elementor elementor-527\">\n\t\t\t\t<div class=\"elementor-element elementor-element-ab2722b e-flex e-con-boxed e-con e-parent\" data-id=\"ab2722b\" data-element_type=\"container\">\n\t\t\t\t\t<div class=\"e-con-inner\">\n\t\t<div class=\"elementor-element elementor-element-969e6f0 e-con-full e-flex e-con e-child\" data-id=\"969e6f0\" data-element_type=\"container\">\n\t\t\t\t<div class=\"elementor-element elementor-element-97d7c70 elementor-widget elementor-widget-image\" data-id=\"97d7c70\" data-element_type=\"widget\" data-widget_type=\"image.default\">\n\t\t\t\t<div class=\"elementor-widget-container\">\n\t\t\t\t\t\t\t\t\t\t\t\t\t\t\t<img fetchpriority=\"high\" decoding=\"async\" width=\"769\" height=\"1024\" src=\"https:\/\/www.festivalaudace.fr\/wp-content\/uploads\/2025\/06\/catherine-1-769x1024.jpg\" class=\"attachment-large size-large wp-image-110\" alt=\"\" srcset=\"https:\/\/www.festivalaudace.fr\/wp-content\/uploads\/2025\/06\/catherine-1-769x1024.jpg 769w, https:\/\/www.festivalaudace.fr\/wp-content\/uploads\/2025\/06\/catherine-1-225x300.jpg 225w, https:\/\/www.festivalaudace.fr\/wp-content\/uploads\/2025\/06\/catherine-1-768x1022.jpg 768w, https:\/\/www.festivalaudace.fr\/wp-content\/uploads\/2025\/06\/catherine-1-1154x1536.jpg 1154w, https:\/\/www.festivalaudace.fr\/wp-content\/uploads\/2025\/06\/catherine-1-1539x2048.jpg 1539w, https:\/\/www.festivalaudace.fr\/wp-content\/uploads\/2025\/06\/catherine-1-scaled.jpg 1923w\" sizes=\"(max-width: 769px) 100vw, 769px\" \/>\t\t\t\t\t\t\t\t\t\t\t\t\t\t\t<\/div>\n\t\t\t\t<\/div>\n\t\t\t\t<\/div>\n\t\t<div class=\"elementor-element elementor-element-a1fec13 e-con-full e-flex e-con e-child\" data-id=\"a1fec13\" data-element_type=\"container\">\n\t\t\t\t<div class=\"elementor-element elementor-element-5983c93 elementor-widget__width-initial elementor-widget elementor-widget-text-editor\" data-id=\"5983c93\" data-element_type=\"widget\" data-widget_type=\"text-editor.default\">\n\t\t\t\t<div class=\"elementor-widget-container\">\n\t\t\t\t\t\t\t\t\t<h1><b>Catherine Lenne<\/b>\u00a0<\/h1>\n<p>a \u00e9t\u00e9 danseuse contemporaine pour de nombreuses compagnies dont la P&rsquo;tite Cie (American Dance Festival, Jacob&rsquo;s Pillow Festival, Palais de Chaillot) et la Cie Iritis-Fr\u00e9d\u00e9ric Werl\u00e9 (Fondation Cartier, Th\u00e9\u00e2tre contemporain de la danse, Chateauvallon et DCA Philippe Decoufl\u00e9). Elle a dans\u00e9 et chant\u00e9 dans La Traviata aux Op\u00e9ras de Nancy, Rennes, Montpellier (mise en sc\u00e8ne Jean-Claude Berutti), dans La Belle H\u00e9l\u00e8ne au Th\u00e9\u00e2tre du Ch\u00e2telet (mise en sc\u00e8ne Laurent Pelly, chor\u00e9graphie Laura Scozzi) et a \u00e9t\u00e9 danseuse permanente pour le Bal Moderne au Palais de Chaillot. Elle devient com\u00e9dienne en 1996, apr\u00e8s une formation \u00e0 l&rsquo;Atelier Blanche Salant et par de nombreux stages professionnels (Alain Knapp, Serge Noyelle&#8230;), et joue sous la direction des metteurs en sc\u00e8ne Yvan Chevalier, Richard Leteurtre, Fr\u00e9d\u00e9ric Le Bret, Olivier Besson, Alexandre Rybeyrolles, Hocine Choutri et Fr\u00e9d\u00e9ric Ferrer. Elle reste 10 ans dans la Cie Thalia Th\u00e9\u00e2tre. A l&rsquo;occasion des journ\u00e9es du patrimoine du Mus\u00e9e de la ville de Saint-Quentin-en-Yvelines, elle rencontre la ville de Magny-les-Hameaux. Elle y met en sc\u00e8ne de nombreux spectacles et y donne 2 ateliers th\u00e9\u00e2tre adultes.\u00a0 Elle poursuit en parall\u00e8le une activit\u00e9 p\u00e9dagogique (classe Bac Th\u00e9\u00e2tre, divers ateliers enfants, adolescents et adultes) et d\u00e9couvre le talent des com\u00e9dien.ne.s amateur.trice.s.<\/p>\n<p>En 2014, elle cr\u00e9\u00e9 la Cie Sept Septembre qu&rsquo;elle oriente vers des spectacles de t\u00e9moignages et de prises de parole, m\u00ealant professionnel.le.s et habitant.e.s. Elle d\u00e9veloppe le projet <em>J&rsquo;habite<\/em>. J&rsquo;habite#saintquentinenyvelines sera jou\u00e9 au Th\u00e9\u00e2tre de SQY en 2021. Elle met en sc\u00e8ne la Cie du Talweg qui sera s\u00e9lectionn\u00e9e dans de nombreux festivals (St Louis, Paris, Cholet, Fribourg&#8230;). En 2025, elle d\u00e9cide de cr\u00e9er Le Festival de l&rsquo;audace, afin de mettre en valeur les cies amateures de bon niveau qui proposent des mises en sc\u00e8ne contemporaines et inventives.\u00a0<\/p>\n<p><!-- \/wp:paragraph --><!-- wp:paragraph --><\/p>\n<p><!-- \/wp:paragraph --><\/p>\t\t\t\t\t\t\t\t<\/div>\n\t\t\t\t<\/div>\n\t\t\t\t<\/div>\n\t\t\t\t\t<\/div>\n\t\t\t\t<\/div>\n\t\t\t\t<\/div>\n\t\t","protected":false},"excerpt":{"rendered":"<p>Catherine Lenne\u00a0 a \u00e9t\u00e9 danseuse contemporaine pour de nombreuses compagnies dont la P&rsquo;tite Cie (American Dance Festival, Jacob&rsquo;s Pillow Festival, Palais de Chaillot) et la Cie Iritis-Fr\u00e9d\u00e9ric Werl\u00e9 (Fondation Cartier, Th\u00e9\u00e2tre contemporain de la danse, Chateauvallon et DCA Philippe Decoufl\u00e9). Elle a dans\u00e9 et chant\u00e9 dans La Traviata aux Op\u00e9ras de Nancy, Rennes, Montpellier (mise [&hellip;]<\/p>\n","protected":false},"author":2,"featured_media":0,"parent":0,"menu_order":0,"comment_status":"closed","ping_status":"closed","template":"","meta":{"footnotes":""},"class_list":["post-527","page","type-page","status-publish","hentry"],"yoast_head":"<!-- This site is optimized with the Yoast SEO plugin v25.6 - https:\/\/yoast.com\/wordpress\/plugins\/seo\/ -->\n<title>Catherine Lenne - Le Festival de l&#039;audace<\/title>\n<meta name=\"robots\" content=\"index, follow, max-snippet:-1, max-image-preview:large, max-video-preview:-1\" \/>\n<link rel=\"canonical\" href=\"https:\/\/www.festivalaudace.fr\/index.php\/les-audacieuses-et-laudacieux\/\" \/>\n<meta property=\"og:locale\" content=\"fr_FR\" \/>\n<meta property=\"og:type\" content=\"article\" \/>\n<meta property=\"og:title\" content=\"Catherine Lenne - Le Festival de l&#039;audace\" \/>\n<meta property=\"og:description\" content=\"Catherine Lenne\u00a0 a \u00e9t\u00e9 danseuse contemporaine pour de nombreuses compagnies dont la P&rsquo;tite Cie (American Dance Festival, Jacob&rsquo;s Pillow Festival, Palais de Chaillot) et la Cie Iritis-Fr\u00e9d\u00e9ric Werl\u00e9 (Fondation Cartier, Th\u00e9\u00e2tre contemporain de la danse, Chateauvallon et DCA Philippe Decoufl\u00e9). Elle a dans\u00e9 et chant\u00e9 dans La Traviata aux Op\u00e9ras de Nancy, Rennes, Montpellier (mise [&hellip;]\" \/>\n<meta property=\"og:url\" content=\"https:\/\/www.festivalaudace.fr\/index.php\/les-audacieuses-et-laudacieux\/\" \/>\n<meta property=\"og:site_name\" content=\"Le Festival de l&#039;audace\" \/>\n<meta property=\"article:publisher\" content=\"https:\/\/www.facebook.com\/LeFestivaldelaudace\/\" \/>\n<meta property=\"article:modified_time\" content=\"2026-03-25T11:25:58+00:00\" \/>\n<meta property=\"og:image\" content=\"https:\/\/www.festivalaudace.fr\/wp-content\/uploads\/2025\/06\/catherine-1-scaled.jpg\" \/>\n\t<meta property=\"og:image:width\" content=\"1923\" \/>\n\t<meta property=\"og:image:height\" content=\"2560\" \/>\n\t<meta property=\"og:image:type\" content=\"image\/jpeg\" \/>\n<meta name=\"twitter:card\" content=\"summary_large_image\" \/>\n<meta name=\"twitter:label1\" content=\"Dur\u00e9e de lecture estim\u00e9e\" \/>\n\t<meta name=\"twitter:data1\" content=\"2 minutes\" \/>\n<script type=\"application\/ld+json\" class=\"yoast-schema-graph\">{\"@context\":\"https:\/\/schema.org\",\"@graph\":[{\"@type\":\"WebPage\",\"@id\":\"https:\/\/www.festivalaudace.fr\/index.php\/les-audacieuses-et-laudacieux\/\",\"url\":\"https:\/\/www.festivalaudace.fr\/index.php\/les-audacieuses-et-laudacieux\/\",\"name\":\"Catherine Lenne - Le Festival de l&#039;audace\",\"isPartOf\":{\"@id\":\"https:\/\/www.festivalaudace.fr\/#website\"},\"primaryImageOfPage\":{\"@id\":\"https:\/\/www.festivalaudace.fr\/index.php\/les-audacieuses-et-laudacieux\/#primaryimage\"},\"image\":{\"@id\":\"https:\/\/www.festivalaudace.fr\/index.php\/les-audacieuses-et-laudacieux\/#primaryimage\"},\"thumbnailUrl\":\"https:\/\/www.festivalaudace.fr\/wp-content\/uploads\/2025\/06\/catherine-1-769x1024.jpg\",\"datePublished\":\"2025-07-25T10:11:00+00:00\",\"dateModified\":\"2026-03-25T11:25:58+00:00\",\"breadcrumb\":{\"@id\":\"https:\/\/www.festivalaudace.fr\/index.php\/les-audacieuses-et-laudacieux\/#breadcrumb\"},\"inLanguage\":\"fr-FR\",\"potentialAction\":[{\"@type\":\"ReadAction\",\"target\":[\"https:\/\/www.festivalaudace.fr\/index.php\/les-audacieuses-et-laudacieux\/\"]}]},{\"@type\":\"ImageObject\",\"inLanguage\":\"fr-FR\",\"@id\":\"https:\/\/www.festivalaudace.fr\/index.php\/les-audacieuses-et-laudacieux\/#primaryimage\",\"url\":\"https:\/\/www.festivalaudace.fr\/wp-content\/uploads\/2025\/06\/catherine-1-scaled.jpg\",\"contentUrl\":\"https:\/\/www.festivalaudace.fr\/wp-content\/uploads\/2025\/06\/catherine-1-scaled.jpg\",\"width\":1923,\"height\":2560},{\"@type\":\"BreadcrumbList\",\"@id\":\"https:\/\/www.festivalaudace.fr\/index.php\/les-audacieuses-et-laudacieux\/#breadcrumb\",\"itemListElement\":[{\"@type\":\"ListItem\",\"position\":1,\"name\":\"Accueil\",\"item\":\"https:\/\/www.festivalaudace.fr\/\"},{\"@type\":\"ListItem\",\"position\":2,\"name\":\"Catherine Lenne\"}]},{\"@type\":\"WebSite\",\"@id\":\"https:\/\/www.festivalaudace.fr\/#website\",\"url\":\"https:\/\/www.festivalaudace.fr\/\",\"name\":\"Le Festival de l'audace\",\"description\":\"\",\"publisher\":{\"@id\":\"https:\/\/www.festivalaudace.fr\/#organization\"},\"potentialAction\":[{\"@type\":\"SearchAction\",\"target\":{\"@type\":\"EntryPoint\",\"urlTemplate\":\"https:\/\/www.festivalaudace.fr\/?s={search_term_string}\"},\"query-input\":{\"@type\":\"PropertyValueSpecification\",\"valueRequired\":true,\"valueName\":\"search_term_string\"}}],\"inLanguage\":\"fr-FR\"},{\"@type\":\"Organization\",\"@id\":\"https:\/\/www.festivalaudace.fr\/#organization\",\"name\":\"Le Festival de l'audace\",\"url\":\"https:\/\/www.festivalaudace.fr\/\",\"logo\":{\"@type\":\"ImageObject\",\"inLanguage\":\"fr-FR\",\"@id\":\"https:\/\/www.festivalaudace.fr\/#\/schema\/logo\/image\/\",\"url\":\"https:\/\/www.festivalaudace.fr\/wp-content\/uploads\/2025\/07\/cropped-logo-festival-audace.png\",\"contentUrl\":\"https:\/\/www.festivalaudace.fr\/wp-content\/uploads\/2025\/07\/cropped-logo-festival-audace.png\",\"width\":512,\"height\":512,\"caption\":\"Le Festival de l'audace\"},\"image\":{\"@id\":\"https:\/\/www.festivalaudace.fr\/#\/schema\/logo\/image\/\"},\"sameAs\":[\"https:\/\/www.facebook.com\/LeFestivaldelaudace\/\"]}]}<\/script>\n<!-- \/ Yoast SEO plugin. -->","yoast_head_json":{"title":"Catherine Lenne - Le Festival de l&#039;audace","robots":{"index":"index","follow":"follow","max-snippet":"max-snippet:-1","max-image-preview":"max-image-preview:large","max-video-preview":"max-video-preview:-1"},"canonical":"https:\/\/www.festivalaudace.fr\/index.php\/les-audacieuses-et-laudacieux\/","og_locale":"fr_FR","og_type":"article","og_title":"Catherine Lenne - Le Festival de l&#039;audace","og_description":"Catherine Lenne\u00a0 a \u00e9t\u00e9 danseuse contemporaine pour de nombreuses compagnies dont la P&rsquo;tite Cie (American Dance Festival, Jacob&rsquo;s Pillow Festival, Palais de Chaillot) et la Cie Iritis-Fr\u00e9d\u00e9ric Werl\u00e9 (Fondation Cartier, Th\u00e9\u00e2tre contemporain de la danse, Chateauvallon et DCA Philippe Decoufl\u00e9). Elle a dans\u00e9 et chant\u00e9 dans La Traviata aux Op\u00e9ras de Nancy, Rennes, Montpellier (mise [&hellip;]","og_url":"https:\/\/www.festivalaudace.fr\/index.php\/les-audacieuses-et-laudacieux\/","og_site_name":"Le Festival de l&#039;audace","article_publisher":"https:\/\/www.facebook.com\/LeFestivaldelaudace\/","article_modified_time":"2026-03-25T11:25:58+00:00","og_image":[{"width":1923,"height":2560,"url":"https:\/\/www.festivalaudace.fr\/wp-content\/uploads\/2025\/06\/catherine-1-scaled.jpg","type":"image\/jpeg"}],"twitter_card":"summary_large_image","twitter_misc":{"Dur\u00e9e de lecture estim\u00e9e":"2 minutes"},"schema":{"@context":"https:\/\/schema.org","@graph":[{"@type":"WebPage","@id":"https:\/\/www.festivalaudace.fr\/index.php\/les-audacieuses-et-laudacieux\/","url":"https:\/\/www.festivalaudace.fr\/index.php\/les-audacieuses-et-laudacieux\/","name":"Catherine Lenne - Le Festival de l&#039;audace","isPartOf":{"@id":"https:\/\/www.festivalaudace.fr\/#website"},"primaryImageOfPage":{"@id":"https:\/\/www.festivalaudace.fr\/index.php\/les-audacieuses-et-laudacieux\/#primaryimage"},"image":{"@id":"https:\/\/www.festivalaudace.fr\/index.php\/les-audacieuses-et-laudacieux\/#primaryimage"},"thumbnailUrl":"https:\/\/www.festivalaudace.fr\/wp-content\/uploads\/2025\/06\/catherine-1-769x1024.jpg","datePublished":"2025-07-25T10:11:00+00:00","dateModified":"2026-03-25T11:25:58+00:00","breadcrumb":{"@id":"https:\/\/www.festivalaudace.fr\/index.php\/les-audacieuses-et-laudacieux\/#breadcrumb"},"inLanguage":"fr-FR","potentialAction":[{"@type":"ReadAction","target":["https:\/\/www.festivalaudace.fr\/index.php\/les-audacieuses-et-laudacieux\/"]}]},{"@type":"ImageObject","inLanguage":"fr-FR","@id":"https:\/\/www.festivalaudace.fr\/index.php\/les-audacieuses-et-laudacieux\/#primaryimage","url":"https:\/\/www.festivalaudace.fr\/wp-content\/uploads\/2025\/06\/catherine-1-scaled.jpg","contentUrl":"https:\/\/www.festivalaudace.fr\/wp-content\/uploads\/2025\/06\/catherine-1-scaled.jpg","width":1923,"height":2560},{"@type":"BreadcrumbList","@id":"https:\/\/www.festivalaudace.fr\/index.php\/les-audacieuses-et-laudacieux\/#breadcrumb","itemListElement":[{"@type":"ListItem","position":1,"name":"Accueil","item":"https:\/\/www.festivalaudace.fr\/"},{"@type":"ListItem","position":2,"name":"Catherine Lenne"}]},{"@type":"WebSite","@id":"https:\/\/www.festivalaudace.fr\/#website","url":"https:\/\/www.festivalaudace.fr\/","name":"Le Festival de l'audace","description":"","publisher":{"@id":"https:\/\/www.festivalaudace.fr\/#organization"},"potentialAction":[{"@type":"SearchAction","target":{"@type":"EntryPoint","urlTemplate":"https:\/\/www.festivalaudace.fr\/?s={search_term_string}"},"query-input":{"@type":"PropertyValueSpecification","valueRequired":true,"valueName":"search_term_string"}}],"inLanguage":"fr-FR"},{"@type":"Organization","@id":"https:\/\/www.festivalaudace.fr\/#organization","name":"Le Festival de l'audace","url":"https:\/\/www.festivalaudace.fr\/","logo":{"@type":"ImageObject","inLanguage":"fr-FR","@id":"https:\/\/www.festivalaudace.fr\/#\/schema\/logo\/image\/","url":"https:\/\/www.festivalaudace.fr\/wp-content\/uploads\/2025\/07\/cropped-logo-festival-audace.png","contentUrl":"https:\/\/www.festivalaudace.fr\/wp-content\/uploads\/2025\/07\/cropped-logo-festival-audace.png","width":512,"height":512,"caption":"Le Festival de l'audace"},"image":{"@id":"https:\/\/www.festivalaudace.fr\/#\/schema\/logo\/image\/"},"sameAs":["https:\/\/www.facebook.com\/LeFestivaldelaudace\/"]}]}},"_links":{"self":[{"href":"https:\/\/www.festivalaudace.fr\/index.php\/wp-json\/wp\/v2\/pages\/527","targetHints":{"allow":["GET"]}}],"collection":[{"href":"https:\/\/www.festivalaudace.fr\/index.php\/wp-json\/wp\/v2\/pages"}],"about":[{"href":"https:\/\/www.festivalaudace.fr\/index.php\/wp-json\/wp\/v2\/types\/page"}],"author":[{"embeddable":true,"href":"https:\/\/www.festivalaudace.fr\/index.php\/wp-json\/wp\/v2\/users\/2"}],"replies":[{"embeddable":true,"href":"https:\/\/www.festivalaudace.fr\/index.php\/wp-json\/wp\/v2\/comments?post=527"}],"version-history":[{"count":70,"href":"https:\/\/www.festivalaudace.fr\/index.php\/wp-json\/wp\/v2\/pages\/527\/revisions"}],"predecessor-version":[{"id":2415,"href":"https:\/\/www.festivalaudace.fr\/index.php\/wp-json\/wp\/v2\/pages\/527\/revisions\/2415"}],"wp:attachment":[{"href":"https:\/\/www.festivalaudace.fr\/index.php\/wp-json\/wp\/v2\/media?parent=527"}],"curies":[{"name":"wp","href":"https:\/\/api.w.org\/{rel}","templated":true}]}}